 {"id":1299,"date":"2015-04-01T11:09:57","date_gmt":"2015-04-01T09:09:57","guid":{"rendered":"http:\/\/www.canonfreak.se\/?page_id=1299"},"modified":"2015-06-12T23:41:24","modified_gmt":"2015-06-12T21:41:24","slug":"svenska-fotbollslandslaget-herrar","status":"publish","type":"page","link":"http:\/\/www.canonfreak.se\/sv\/portfolio\/sports\/svenska-fotbollslandslaget-herrar\/","title":{"rendered":"Svenska Fotbollslandslaget\/ Herrar."},"content":{"rendered":"<p>Svenska fotbollslandslaget (Herrar) kommer att presenteras h\u00e4r.<\/p>\n<p>M\u00e5ls\u00e4ttningen \u00e4r att kunna leverera bilder fr\u00e5n hela evenet, d.v.s. f\u00f6re, under och presskonferenser efter matcherna.<\/p>\n<p>Vi planerar att f\u00f6renkla bildk\u00f6p genom webshop, men f\u00f6r n\u00e4rvarande ber vi er ringa 08-716 96 00, eller maila p\u00e5 ola@exponera.se<\/p>\n<p>F\u00f6r att titta p\u00e5 bildgallerier fr\u00e5n landslagets matcher, klicka g\u00e4rna p\u00e5 dessa snabbl\u00e4nkar:<\/p>\n<p><a href=\"http:\/\/www.canonfreak.se\/sv\/portfolio\/sport\/fotboll-svenska-landslaget\/\">Sverige- Iran 31\/3-2015<\/a><\/p>","protected":false},"excerpt":{"rendered":"<p>Svenska fotbollslandslaget (Herrar) kommer att presenteras h\u00e4r. M\u00e5ls\u00e4ttningen \u00e4r att kunna leverera bilder fr\u00e5n hela evenet, d.v.s. f\u00f6re, under och presskonferenser efter matcherna. Vi planerar att f\u00f6renkla bildk\u00f6p genom webshop, men f\u00f6r n\u00e4rvarande ber vi er ringa 08-716 96 00, eller maila p\u00e5 ola@exponera.se F\u00f6r att titta p\u00e5 bildgallerier fr\u00e5n landslagets matcher, klicka g\u00e4rna p\u00e5 [&hellip;]<\/p>\n","protected":false},"author":1,"featured_media":0,"parent":1526,"menu_order":0,"comment_status":"open","ping_status":"open","template":"template-gallery-masonry-3.php","meta":{"_mi_skip_tracking":false},"yoast_head":"<!-- This site is optimized with the Yoast SEO plugin v16.3 - https:\/\/yoast.com\/wordpress\/plugins\/seo\/ -->\n<meta name=\"description\" content=\"(Svenska) svenska fotbollslandslaget,fotboll,zlatan,lagbild,erik hamren,presskonferens,friends arena,iran,svenska fans,\" \/>\n<meta name=\"robots\" content=\"index, follow, max-snippet:-1, max-image-preview:large, max-video-preview:-1\" \/>\n<link rel=\"canonical\" href=\"https:\/\/www.canonfreak.se\/portfolio\/sports\/svenska-fotbollslandslaget-herrar\/\" \/>\n<meta property=\"og:locale\" content=\"sv_SE\" \/>\n<meta property=\"og:type\" content=\"article\" \/>\n<meta property=\"og:title\" content=\"[:en]Swedish National team, Men[:sv]Svenska Fotbollslandslaget\/ Herrar.[:] - Canonfreak.se\" \/>\n<meta property=\"og:description\" content=\"(Svenska) svenska fotbollslandslaget,fotboll,zlatan,lagbild,erik hamren,presskonferens,friends arena,iran,svenska fans,\" \/>\n<meta property=\"og:url\" content=\"https:\/\/www.canonfreak.se\/portfolio\/sports\/svenska-fotbollslandslaget-herrar\/\" \/>\n<meta property=\"og:site_name\" content=\"Canonfreak.se\" \/>\n<meta property=\"article:publisher\" content=\"https:\/\/www.facebook.com\/Canonfreak\" \/>\n<meta property=\"article:modified_time\" content=\"2015-06-12T21:41:24+00:00\" \/>\n<meta property=\"og:image\" content=\"http:\/\/www.canonfreak.se\/wp-content\/uploads\/2015\/03\/Lagbild-Sverige-web-300x209.jpg\" \/>\n<meta name=\"twitter:label1\" content=\"Ber\u00e4knad l\u00e4stid\">\n\t<meta name=\"twitter:data1\" content=\"1 minut\">\n<script type=\"application\/ld+json\" class=\"yoast-schema-graph\">{\"@context\":\"https:\/\/schema.org\",\"@graph\":[{\"@type\":\"WebSite\",\"@id\":\"http:\/\/www.canonfreak.se\/sv\/#website\",\"url\":\"http:\/\/www.canonfreak.se\/sv\/\",\"name\":\"Canonfreak.se\",\"description\":\"-Med bilden i centrum.\",\"potentialAction\":[{\"@type\":\"SearchAction\",\"target\":\"http:\/\/www.canonfreak.se\/sv\/?s={search_term_string}\",\"query-input\":\"required name=search_term_string\"}],\"inLanguage\":\"sv-SE\"},{\"@type\":\"ImageObject\",\"@id\":\"https:\/\/www.canonfreak.se\/portfolio\/sports\/svenska-fotbollslandslaget-herrar\/#primaryimage\",\"inLanguage\":\"sv-SE\",\"url\":\"http:\/\/www.canonfreak.se\/wp-content\/uploads\/2015\/03\/Lagbild-Sverige-web.jpg\",\"contentUrl\":\"http:\/\/www.canonfreak.se\/wp-content\/uploads\/2015\/03\/Lagbild-Sverige-web.jpg\",\"width\":720,\"height\":501},{\"@type\":\"WebPage\",\"@id\":\"https:\/\/www.canonfreak.se\/portfolio\/sports\/svenska-fotbollslandslaget-herrar\/#webpage\",\"url\":\"https:\/\/www.canonfreak.se\/portfolio\/sports\/svenska-fotbollslandslaget-herrar\/\",\"name\":\"[:en]Swedish National team, Men[:sv]Svenska Fotbollslandslaget\/ Herrar.[:] - Canonfreak.se\",\"isPartOf\":{\"@id\":\"http:\/\/www.canonfreak.se\/sv\/#website\"},\"primaryImageOfPage\":{\"@id\":\"https:\/\/www.canonfreak.se\/portfolio\/sports\/svenska-fotbollslandslaget-herrar\/#primaryimage\"},\"datePublished\":\"2015-04-01T09:09:57+00:00\",\"dateModified\":\"2015-06-12T21:41:24+00:00\",\"description\":\"(Svenska) svenska fotbollslandslaget,fotboll,zlatan,lagbild,erik hamren,presskonferens,friends arena,iran,svenska fans,\",\"breadcrumb\":{\"@id\":\"https:\/\/www.canonfreak.se\/portfolio\/sports\/svenska-fotbollslandslaget-herrar\/#breadcrumb\"},\"inLanguage\":\"sv-SE\",\"potentialAction\":[{\"@type\":\"ReadAction\",\"target\":[\"https:\/\/www.canonfreak.se\/portfolio\/sports\/svenska-fotbollslandslaget-herrar\/\"]}]},{\"@type\":\"BreadcrumbList\",\"@id\":\"https:\/\/www.canonfreak.se\/portfolio\/sports\/svenska-fotbollslandslaget-herrar\/#breadcrumb\",\"itemListElement\":[{\"@type\":\"ListItem\",\"position\":1,\"item\":{\"@type\":\"WebPage\",\"@id\":\"http:\/\/www.canonfreak.se\/sv\/\",\"url\":\"http:\/\/www.canonfreak.se\/sv\/\",\"name\":\"Hem\"}},{\"@type\":\"ListItem\",\"position\":2,\"item\":{\"@type\":\"WebPage\",\"@id\":\"http:\/\/www.canonfreak.se\/sv\/portfolio\/\",\"url\":\"http:\/\/www.canonfreak.se\/sv\/portfolio\/\",\"name\":\"Galleries\"}},{\"@type\":\"ListItem\",\"position\":3,\"item\":{\"@type\":\"WebPage\",\"@id\":\"http:\/\/www.canonfreak.se\/sv\/portfolio\/sports\/\",\"url\":\"http:\/\/www.canonfreak.se\/sv\/portfolio\/sports\/\",\"name\":\"Sports\"}},{\"@type\":\"ListItem\",\"position\":4,\"item\":{\"@id\":\"https:\/\/www.canonfreak.se\/portfolio\/sports\/svenska-fotbollslandslaget-herrar\/#webpage\"}}]}]}<\/script>\n<!-- \/ Yoast SEO plugin. -->","_links":{"self":[{"href":"http:\/\/www.canonfreak.se\/sv\/wp-json\/wp\/v2\/pages\/1299"}],"collection":[{"href":"http:\/\/www.canonfreak.se\/sv\/wp-json\/wp\/v2\/pages"}],"about":[{"href":"http:\/\/www.canonfreak.se\/sv\/wp-json\/wp\/v2\/types\/page"}],"author":[{"embeddable":true,"href":"http:\/\/www.canonfreak.se\/sv\/wp-json\/wp\/v2\/users\/1"}],"replies":[{"embeddable":true,"href":"http:\/\/www.canonfreak.se\/sv\/wp-json\/wp\/v2\/comments?post=1299"}],"version-history":[{"count":7,"href":"http:\/\/www.canonfreak.se\/sv\/wp-json\/wp\/v2\/pages\/1299\/revisions"}],"predecessor-version":[{"id":2372,"href":"http:\/\/www.canonfreak.se\/sv\/wp-json\/wp\/v2\/pages\/1299\/revisions\/2372"}],"up":[{"embeddable":true,"href":"http:\/\/www.canonfreak.se\/sv\/wp-json\/wp\/v2\/pages\/1526"}],"wp:attachment":[{"href":"http:\/\/www.canonfreak.se\/sv\/wp-json\/wp\/v2\/media?parent=1299"}],"curies":[{"name":"wp","href":"https:\/\/api.w.org\/{rel}","templated":true}]}}

<p>Svenska fotbollslandslaget (Herrar) kommer att presenteras här.</p>
<p>Målsättningen är att kunna leverera bilder från hela evenet, d.v.s. före, under och presskonferenser efter matcherna.</p>
<p>Vi planerar att förenkla bildköp genom webshop, men för närvarande ber vi er ringa 08-716 96 00, eller maila på ola@exponera.se</p>
<p>För att titta på bildgallerier från landslagets matcher, klicka gärna på dessa snabblänkar:</p>
<p><a href="http://www.canonfreak.se/sv/portfolio/sport/fotboll-svenska-landslaget/">Sverige- Iran 31/3-2015</a></p>

<p>Svenska fotbollslandslaget (Herrar) kommer att presenteras här. Målsättningen är att kunna leverera bilder från hela evenet, d.v.s. före, under och presskonferenser efter matcherna. Vi planerar att förenkla bildköp genom webshop, men för närvarande ber vi er ringa 08-716 96 00, eller maila på ola@exponera.se För att titta på bildgallerier från landslagets matcher, klicka gärna på [&hellip;]</p>

<!-- This site is optimized with the Yoast SEO plugin v16.3 - https://yoast.com/wordpress/plugins/seo/ -->
<meta name="description" content="(Svenska) svenska fotbollslandslaget,fotboll,zlatan,lagbild,erik hamren,presskonferens,friends arena,iran,svenska fans," />
<meta name="robots" content="index, follow, max-snippet:-1, max-image-preview:large, max-video-preview:-1" />
<link rel="canonical" href="https://www.canonfreak.se/portfolio/sports/svenska-fotbollslandslaget-herrar/" />
<meta property="og:locale" content="sv_SE" />
<meta property="og:type" content="article" />
<meta property="og:title" content="[:en]Swedish National team, Men[:sv]Svenska Fotbollslandslaget/ Herrar.[:] - Canonfreak.se" />
<meta property="og:description" content="(Svenska) svenska fotbollslandslaget,fotboll,zlatan,lagbild,erik hamren,presskonferens,friends arena,iran,svenska fans," />
<meta property="og:url" content="https://www.canonfreak.se/portfolio/sports/svenska-fotbollslandslaget-herrar/" />
<meta property="og:site_name" content="Canonfreak.se" />
<meta property="article:publisher" content="https://www.facebook.com/Canonfreak" />
<meta property="article:modified_time" content="2015-06-12T21:41:24+00:00" />
<meta property="og:image" content="http://www.canonfreak.se/wp-content/uploads/2015/03/Lagbild-Sverige-web-300x209.jpg" />
<meta name="twitter:label1" content="Beräknad lästid">
	<meta name="twitter:data1" content="1 minut">
<script type="application/ld+json" class="yoast-schema-graph">{"@context":"https://schema.org","@graph":[{"@type":"WebSite","@id":"http://www.canonfreak.se/sv/#website","url":"http://www.canonfreak.se/sv/","name":"Canonfreak.se","description":"-Med bilden i centrum.","potentialAction":[{"@type":"SearchAction","target":"http://www.canonfreak.se/sv/?s={search_term_string}","query-input":"required name=search_term_string"}],"inLanguage":"sv-SE"},{"@type":"ImageObject","@id":"https://www.canonfreak.se/portfolio/sports/svenska-fotbollslandslaget-herrar/#primaryimage","inLanguage":"sv-SE","url":"http://www.canonfreak.se/wp-content/uploads/2015/03/Lagbild-Sverige-web.jpg","contentUrl":"http://www.canonfreak.se/wp-content/uploads/2015/03/Lagbild-Sverige-web.jpg","width":720,"height":501},{"@type":"WebPage","@id":"https://www.canonfreak.se/portfolio/sports/svenska-fotbollslandslaget-herrar/#webpage","url":"https://www.canonfreak.se/portfolio/sports/svenska-fotbollslandslaget-herrar/","name":"[:en]Swedish National team, Men[:sv]Svenska Fotbollslandslaget/ Herrar.[:] - Canonfreak.se","isPartOf":{"@id":"http://www.canonfreak.se/sv/#website"},"primaryImageOfPage":{"@id":"https://www.canonfreak.se/portfolio/sports/svenska-fotbollslandslaget-herrar/#primaryimage"},"datePublished":"2015-04-01T09:09:57+00:00","dateModified":"2015-06-12T21:41:24+00:00","description":"(Svenska) svenska fotbollslandslaget,fotboll,zlatan,lagbild,erik hamren,presskonferens,friends arena,iran,svenska fans,","breadcrumb":{"@id":"https://www.canonfreak.se/portfolio/sports/svenska-fotbollslandslaget-herrar/#breadcrumb"},"inLanguage":"sv-SE","potentialAction":[{"@type":"ReadAction","target":["https://www.canonfreak.se/portfolio/sports/svenska-fotbollslandslaget-herrar/"]}]},{"@type":"BreadcrumbList","@id":"https://www.canonfreak.se/portfolio/sports/svenska-fotbollslandslaget-herrar/#breadcrumb","itemListElement":[{"@type":"ListItem","position":1,"item":{"@type":"WebPage","@id":"http://www.canonfreak.se/sv/","url":"http://www.canonfreak.se/sv/","name":"Hem"}},{"@type":"ListItem","position":2,"item":{"@type":"WebPage","@id":"http://www.canonfreak.se/sv/portfolio/","url":"http://www.canonfreak.se/sv/portfolio/","name":"Galleries"}},{"@type":"ListItem","position":3,"item":{"@type":"WebPage","@id":"http://www.canonfreak.se/sv/portfolio/sports/","url":"http://www.canonfreak.se/sv/portfolio/sports/","name":"Sports"}},{"@type":"ListItem","position":4,"item":{"@id":"https://www.canonfreak.se/portfolio/sports/svenska-fotbollslandslaget-herrar/#webpage"}}]}]}</script>
<!-- / Yoast SEO plugin. -->
