 {"id":3046,"date":"2015-09-11T08:28:00","date_gmt":"2015-09-11T06:28:00","guid":{"rendered":"http:\/\/www.canonfreak.se\/?page_id=3046"},"modified":"2015-09-13T17:54:05","modified_gmt":"2015-09-13T15:54:05","slug":"svenska-stcc-och-rally-x-2015","status":"publish","type":"page","link":"http:\/\/www.canonfreak.se\/sv\/portfolio\/big-events\/stcc-rally-x-solvalla-2014\/svenska-stcc-och-rally-x-2015\/","title":{"rendered":"STCC och Rally X 2015"},"content":{"rendered":"<p>Den 11-12 septemer 2015 k\u00f6rs \u00e5ter igen eventet STCC och Rally X p\u00e5 Solvalla i Stockholm. En unik chans att p\u00e5 hemmaplan f\u00e5 se all denna motorsport med fart och fl\u00e4kt. Jag kommer att bevaka eventet f\u00f6r redaktionella bilder under b\u00e5da dagarna. F\u00f6r bildk\u00f6p ring 08-7169600 eller maila till bilder@exponera.se<\/p>","protected":false},"excerpt":{"rendered":"<p>Den 11-12 septemer 2015 k\u00f6rs \u00e5ter igen eventet STCC och Rally X p\u00e5 Solvalla i Stockholm. En unik chans att p\u00e5 hemmaplan f\u00e5 se all denna motorsport med fart och fl\u00e4kt. Jag kommer att bevaka eventet f\u00f6r redaktionella bilder under b\u00e5da dagarna. F\u00f6r bildk\u00f6p ring 08-7169600 eller maila till bilder@exponera.se<\/p>\n","protected":false},"author":1,"featured_media":0,"parent":413,"menu_order":0,"comment_status":"open","ping_status":"open","template":"template-gallery-masonry-mixed.php","meta":{"_mi_skip_tracking":false},"yoast_head":"<!-- This site is optimized with the Yoast SEO plugin v16.3 - https:\/\/yoast.com\/wordpress\/plugins\/seo\/ -->\n<meta name=\"description\" content=\"STCC,Rally X,motorsport,Solvalla,West Coast Racing,V8 Thunder Cars,Porsche,redaktionella bilder,\" \/>\n<meta name=\"robots\" content=\"index, follow, max-snippet:-1, max-image-preview:large, max-video-preview:-1\" \/>\n<link rel=\"canonical\" href=\"http:\/\/www.canonfreak.se\/sv\/portfolio\/big-events\/stcc-rally-x-solvalla-2014\/svenska-stcc-och-rally-x-2015\/\" \/>\n<meta property=\"og:locale\" content=\"sv_SE\" \/>\n<meta property=\"og:type\" content=\"article\" \/>\n<meta property=\"og:title\" content=\"[:en]STCC and Rally X 2015[:sv]STCC och Rally X 2015[:] - Canonfreak.se\" \/>\n<meta property=\"og:description\" content=\"STCC,Rally X,motorsport,Solvalla,West Coast Racing,V8 Thunder Cars,Porsche,redaktionella bilder,\" \/>\n<meta property=\"og:url\" content=\"http:\/\/www.canonfreak.se\/sv\/portfolio\/big-events\/stcc-rally-x-solvalla-2014\/svenska-stcc-och-rally-x-2015\/\" \/>\n<meta property=\"og:site_name\" content=\"Canonfreak.se\" \/>\n<meta property=\"article:publisher\" content=\"https:\/\/www.facebook.com\/Canonfreak\" \/>\n<meta property=\"article:modified_time\" content=\"2015-09-13T15:54:05+00:00\" \/>\n<script type=\"application\/ld+json\" class=\"yoast-schema-graph\">{\"@context\":\"https:\/\/schema.org\",\"@graph\":[{\"@type\":\"WebSite\",\"@id\":\"http:\/\/www.canonfreak.se\/sv\/#website\",\"url\":\"http:\/\/www.canonfreak.se\/sv\/\",\"name\":\"Canonfreak.se\",\"description\":\"-Med bilden i centrum.\",\"potentialAction\":[{\"@type\":\"SearchAction\",\"target\":\"http:\/\/www.canonfreak.se\/sv\/?s={search_term_string}\",\"query-input\":\"required name=search_term_string\"}],\"inLanguage\":\"sv-SE\"},{\"@type\":\"WebPage\",\"@id\":\"http:\/\/www.canonfreak.se\/sv\/portfolio\/big-events\/stcc-rally-x-solvalla-2014\/svenska-stcc-och-rally-x-2015\/#webpage\",\"url\":\"http:\/\/www.canonfreak.se\/sv\/portfolio\/big-events\/stcc-rally-x-solvalla-2014\/svenska-stcc-och-rally-x-2015\/\",\"name\":\"[:en]STCC and Rally X 2015[:sv]STCC och Rally X 2015[:] - Canonfreak.se\",\"isPartOf\":{\"@id\":\"http:\/\/www.canonfreak.se\/sv\/#website\"},\"datePublished\":\"2015-09-11T06:28:00+00:00\",\"dateModified\":\"2015-09-13T15:54:05+00:00\",\"description\":\"STCC,Rally X,motorsport,Solvalla,West Coast Racing,V8 Thunder Cars,Porsche,redaktionella bilder,\",\"breadcrumb\":{\"@id\":\"http:\/\/www.canonfreak.se\/sv\/portfolio\/big-events\/stcc-rally-x-solvalla-2014\/svenska-stcc-och-rally-x-2015\/#breadcrumb\"},\"inLanguage\":\"sv-SE\",\"potentialAction\":[{\"@type\":\"ReadAction\",\"target\":[\"http:\/\/www.canonfreak.se\/sv\/portfolio\/big-events\/stcc-rally-x-solvalla-2014\/svenska-stcc-och-rally-x-2015\/\"]}]},{\"@type\":\"BreadcrumbList\",\"@id\":\"http:\/\/www.canonfreak.se\/sv\/portfolio\/big-events\/stcc-rally-x-solvalla-2014\/svenska-stcc-och-rally-x-2015\/#breadcrumb\",\"itemListElement\":[{\"@type\":\"ListItem\",\"position\":1,\"item\":{\"@type\":\"WebPage\",\"@id\":\"http:\/\/www.canonfreak.se\/sv\/\",\"url\":\"http:\/\/www.canonfreak.se\/sv\/\",\"name\":\"Hem\"}},{\"@type\":\"ListItem\",\"position\":2,\"item\":{\"@type\":\"WebPage\",\"@id\":\"http:\/\/www.canonfreak.se\/sv\/portfolio\/\",\"url\":\"http:\/\/www.canonfreak.se\/sv\/portfolio\/\",\"name\":\"Galleries\"}},{\"@type\":\"ListItem\",\"position\":3,\"item\":{\"@type\":\"WebPage\",\"@id\":\"http:\/\/www.canonfreak.se\/sv\/portfolio\/big-events\/\",\"url\":\"http:\/\/www.canonfreak.se\/sv\/portfolio\/big-events\/\",\"name\":\"Stora Event\"}},{\"@type\":\"ListItem\",\"position\":4,\"item\":{\"@type\":\"WebPage\",\"@id\":\"http:\/\/www.canonfreak.se\/sv\/portfolio\/big-events\/stcc-rally-x-solvalla-2014\/\",\"url\":\"http:\/\/www.canonfreak.se\/sv\/portfolio\/big-events\/stcc-rally-x-solvalla-2014\/\",\"name\":\"STCC Rally X\/ Solvalla 2014\"}},{\"@type\":\"ListItem\",\"position\":5,\"item\":{\"@id\":\"http:\/\/www.canonfreak.se\/sv\/portfolio\/big-events\/stcc-rally-x-solvalla-2014\/svenska-stcc-och-rally-x-2015\/#webpage\"}}]}]}<\/script>\n<!-- \/ Yoast SEO plugin. -->","_links":{"self":[{"href":"http:\/\/www.canonfreak.se\/sv\/wp-json\/wp\/v2\/pages\/3046"}],"collection":[{"href":"http:\/\/www.canonfreak.se\/sv\/wp-json\/wp\/v2\/pages"}],"about":[{"href":"http:\/\/www.canonfreak.se\/sv\/wp-json\/wp\/v2\/types\/page"}],"author":[{"embeddable":true,"href":"http:\/\/www.canonfreak.se\/sv\/wp-json\/wp\/v2\/users\/1"}],"replies":[{"embeddable":true,"href":"http:\/\/www.canonfreak.se\/sv\/wp-json\/wp\/v2\/comments?post=3046"}],"version-history":[{"count":2,"href":"http:\/\/www.canonfreak.se\/sv\/wp-json\/wp\/v2\/pages\/3046\/revisions"}],"predecessor-version":[{"id":3048,"href":"http:\/\/www.canonfreak.se\/sv\/wp-json\/wp\/v2\/pages\/3046\/revisions\/3048"}],"up":[{"embeddable":true,"href":"http:\/\/www.canonfreak.se\/sv\/wp-json\/wp\/v2\/pages\/413"}],"wp:attachment":[{"href":"http:\/\/www.canonfreak.se\/sv\/wp-json\/wp\/v2\/media?parent=3046"}],"curies":[{"name":"wp","href":"https:\/\/api.w.org\/{rel}","templated":true}]}}

<p>Den 11-12 septemer 2015 körs åter igen eventet STCC och Rally X på Solvalla i Stockholm. En unik chans att på hemmaplan få se all denna motorsport med fart och fläkt. Jag kommer att bevaka eventet för redaktionella bilder under båda dagarna. För bildköp ring 08-7169600 eller maila till bilder@exponera.se</p>
