 {"id":2774,"date":"2015-08-11T22:05:01","date_gmt":"2015-08-11T20:05:01","guid":{"rendered":"http:\/\/www.canonfreak.se\/?page_id=2774"},"modified":"2016-12-05T16:11:28","modified_gmt":"2016-12-05T15:11:28","slug":"svenska-laglig-graffiti-i-centrala-stockholm","status":"publish","type":"page","link":"https:\/\/www.canonfreak.se\/sv\/portfolio\/nyhetsbilder\/svenska-laglig-graffiti-i-centrala-stockholm\/","title":{"rendered":"Laglig graffiti i centrala Stockholm."},"content":{"rendered":"<p><\/p>\n<div class=\"teaser entry-summary\">\n<p>Runda huset vid Slussen i Stockholm \u00e4r ju idag ett minne blott. Det revs i samband med ombyggnationen av trafikplatsen och allt i samband med detta. Vi kan d\u00e4rf\u00f6r konstatera att dessa bilder \u00e4r historiska och det k\u00e4nns extra roligt att ha tagit chansen att dokumentera dessa fantastiska m\u00e5lningar f\u00f6r framtiden! H\u00e4r nedan f\u00f6ljer en presentation av sj\u00e4lva konstprojektet..<\/p>\n<p>Ett nytt konstprojekt, som f\u00e5tt namnet OMSTart, har satts ig\u00e5ng p\u00e5 Slussen. I sommar kan allm\u00e4nheten se ett gatukonstverk v\u00e4xa fram runt den glasade delen av det runda huset mitt p\u00e5 Slussen, f d Kolingsborg. Det b\u00f6rjade med att huset m\u00e5lades vitt, vilket fick en del medborgare att reagera starkt. Det var dock ett planerat projekt med koppling till Slussens ombyggnation.<\/p>\n<\/div>\n<div class=\"content entry-content\">\n<p>Ledande representanter f\u00f6r den svenska graffitiscenen bjuds in att gestalta den cirkelformade konstytan. Arbetet har sin utg\u00e5ngspunkt i graffitim\u00e5leriets gemensamma bildspr\u00e5k och alla inblandade m\u00e5lar i, under, bredvid och \u00f6ver varandra i ett stort collageliknande verk. N\u00e4r man ser verket s\u00e5 blev i alla fall jag djupt imponerad \u00f6ver vad denna &#8221;Graffitielit&#8221; kan g\u00f6ra med f\u00e4rgburkarna. Enligt uppgifter jag hittat s\u00e5 \u00e4r det f\u00f6ljande artister som gjort m\u00e5lningarna: \u00c5ngest (Kaos-Vandals in Motion), Ruskig (Kaos-Vandals in Motion), Carolina Falkholt, Gouge (Graffiti Cook Book), Ikaros (Overground), Nug (Overground), Erse, Rolf CW och Fits.<\/p>\n<p>Initiativtagare: Kerstin Simonsson och Stockholm Konst.<\/p>\n<p>(K\u00e4lla: OMSTart Slussen\/ Dokument Press)<\/p>\n<\/div>\n<p><\/p>","protected":false},"excerpt":{"rendered":"<p>Runda huset vid Slussen i Stockholm \u00e4r ju idag ett minne blott. Det revs i samband med ombyggnationen av trafikplatsen och allt i samband med detta. Vi kan d\u00e4rf\u00f6r konstatera att dessa bilder \u00e4r historiska och det k\u00e4nns extra roligt att ha tagit chansen att dokumentera dessa fantastiska m\u00e5lningar f\u00f6r framtiden! H\u00e4r nedan f\u00f6ljer en [&hellip;]<\/p>\n","protected":false},"author":1,"featured_media":0,"parent":1046,"menu_order":0,"comment_status":"open","ping_status":"open","template":"template-gallery-masonry-3.php","meta":{"_mi_skip_tracking":false},"yoast_head":"<!-- This site is optimized with the Yoast SEO plugin v16.3 - https:\/\/yoast.com\/wordpress\/plugins\/seo\/ -->\n<meta name=\"description\" content=\"Graffiti,M\u00e5lat,gatukonst,Stockholm,Sverige,laglig graffiti,canonfreak,OMSTart,\" \/>\n<meta name=\"robots\" content=\"index, follow, max-snippet:-1, max-image-preview:large, max-video-preview:-1\" \/>\n<link rel=\"canonical\" href=\"https:\/\/www.canonfreak.se\/sv\/portfolio\/nyhetsbilder\/svenska-laglig-graffiti-i-centrala-stockholm\/\" \/>\n<meta property=\"og:locale\" content=\"sv_SE\" \/>\n<meta property=\"og:type\" content=\"article\" \/>\n<meta property=\"og:title\" content=\"[:en]Legal graffiti in the center of Stockholm.[:sv]Laglig graffiti i centrala Stockholm.[:] - Canonfreak.se\" \/>\n<meta property=\"og:description\" content=\"Graffiti,M\u00e5lat,gatukonst,Stockholm,Sverige,laglig graffiti,canonfreak,OMSTart,\" \/>\n<meta property=\"og:url\" content=\"https:\/\/www.canonfreak.se\/sv\/portfolio\/nyhetsbilder\/svenska-laglig-graffiti-i-centrala-stockholm\/\" \/>\n<meta property=\"og:site_name\" content=\"Canonfreak.se\" \/>\n<meta property=\"article:publisher\" content=\"https:\/\/www.facebook.com\/Canonfreak\" \/>\n<meta property=\"article:modified_time\" content=\"2016-12-05T15:11:28+00:00\" \/>\n<meta name=\"twitter:label1\" content=\"Ber\u00e4knad l\u00e4stid\">\n\t<meta name=\"twitter:data1\" content=\"3 minuter\">\n<script type=\"application\/ld+json\" class=\"yoast-schema-graph\">{\"@context\":\"https:\/\/schema.org\",\"@graph\":[{\"@type\":\"WebSite\",\"@id\":\"https:\/\/www.canonfreak.se\/sv\/#website\",\"url\":\"https:\/\/www.canonfreak.se\/sv\/\",\"name\":\"Canonfreak.se\",\"description\":\"-Med bilden i centrum.\",\"potentialAction\":[{\"@type\":\"SearchAction\",\"target\":\"https:\/\/www.canonfreak.se\/sv\/?s={search_term_string}\",\"query-input\":\"required name=search_term_string\"}],\"inLanguage\":\"sv-SE\"},{\"@type\":\"WebPage\",\"@id\":\"https:\/\/www.canonfreak.se\/sv\/portfolio\/nyhetsbilder\/svenska-laglig-graffiti-i-centrala-stockholm\/#webpage\",\"url\":\"https:\/\/www.canonfreak.se\/sv\/portfolio\/nyhetsbilder\/svenska-laglig-graffiti-i-centrala-stockholm\/\",\"name\":\"[:en]Legal graffiti in the center of Stockholm.[:sv]Laglig graffiti i centrala Stockholm.[:] - Canonfreak.se\",\"isPartOf\":{\"@id\":\"https:\/\/www.canonfreak.se\/sv\/#website\"},\"datePublished\":\"2015-08-11T20:05:01+00:00\",\"dateModified\":\"2016-12-05T15:11:28+00:00\",\"description\":\"Graffiti,M\\u00e5lat,gatukonst,Stockholm,Sverige,laglig graffiti,canonfreak,OMSTart,\",\"breadcrumb\":{\"@id\":\"https:\/\/www.canonfreak.se\/sv\/portfolio\/nyhetsbilder\/svenska-laglig-graffiti-i-centrala-stockholm\/#breadcrumb\"},\"inLanguage\":\"sv-SE\",\"potentialAction\":[{\"@type\":\"ReadAction\",\"target\":[\"https:\/\/www.canonfreak.se\/sv\/portfolio\/nyhetsbilder\/svenska-laglig-graffiti-i-centrala-stockholm\/\"]}]},{\"@type\":\"BreadcrumbList\",\"@id\":\"https:\/\/www.canonfreak.se\/sv\/portfolio\/nyhetsbilder\/svenska-laglig-graffiti-i-centrala-stockholm\/#breadcrumb\",\"itemListElement\":[{\"@type\":\"ListItem\",\"position\":1,\"item\":{\"@type\":\"WebPage\",\"@id\":\"https:\/\/www.canonfreak.se\/sv\/\",\"url\":\"https:\/\/www.canonfreak.se\/sv\/\",\"name\":\"Hem\"}},{\"@type\":\"ListItem\",\"position\":2,\"item\":{\"@type\":\"WebPage\",\"@id\":\"http:\/\/www.canonfreak.se\/portfolio\/\",\"url\":\"http:\/\/www.canonfreak.se\/portfolio\/\",\"name\":\"Galleries\"}},{\"@type\":\"ListItem\",\"position\":3,\"item\":{\"@type\":\"WebPage\",\"@id\":\"https:\/\/www.canonfreak.se\/sv\/portfolio\/nyhetsbilder\/\",\"url\":\"https:\/\/www.canonfreak.se\/sv\/portfolio\/nyhetsbilder\/\",\"name\":\"News pictures\"}},{\"@type\":\"ListItem\",\"position\":4,\"item\":{\"@id\":\"https:\/\/www.canonfreak.se\/sv\/portfolio\/nyhetsbilder\/svenska-laglig-graffiti-i-centrala-stockholm\/#webpage\"}}]}]}<\/script>\n<!-- \/ Yoast SEO plugin. -->","_links":{"self":[{"href":"https:\/\/www.canonfreak.se\/sv\/wp-json\/wp\/v2\/pages\/2774"}],"collection":[{"href":"https:\/\/www.canonfreak.se\/sv\/wp-json\/wp\/v2\/pages"}],"about":[{"href":"https:\/\/www.canonfreak.se\/sv\/wp-json\/wp\/v2\/types\/page"}],"author":[{"embeddable":true,"href":"https:\/\/www.canonfreak.se\/sv\/wp-json\/wp\/v2\/users\/1"}],"replies":[{"embeddable":true,"href":"https:\/\/www.canonfreak.se\/sv\/wp-json\/wp\/v2\/comments?post=2774"}],"version-history":[{"count":7,"href":"https:\/\/www.canonfreak.se\/sv\/wp-json\/wp\/v2\/pages\/2774\/revisions"}],"predecessor-version":[{"id":4519,"href":"https:\/\/www.canonfreak.se\/sv\/wp-json\/wp\/v2\/pages\/2774\/revisions\/4519"}],"up":[{"embeddable":true,"href":"https:\/\/www.canonfreak.se\/sv\/wp-json\/wp\/v2\/pages\/1046"}],"wp:attachment":[{"href":"https:\/\/www.canonfreak.se\/sv\/wp-json\/wp\/v2\/media?parent=2774"}],"curies":[{"name":"wp","href":"https:\/\/api.w.org\/{rel}","templated":true}]}}

<p></p>
<div class="teaser entry-summary">
<p>Runda huset vid Slussen i Stockholm är ju idag ett minne blott. Det revs i samband med ombyggnationen av trafikplatsen och allt i samband med detta. Vi kan därför konstatera att dessa bilder är historiska och det känns extra roligt att ha tagit chansen att dokumentera dessa fantastiska målningar för framtiden! Här nedan följer en presentation av själva konstprojektet..</p>
<p>Ett nytt konstprojekt, som fått namnet OMSTart, har satts igång på Slussen. I sommar kan allmänheten se ett gatukonstverk växa fram runt den glasade delen av det runda huset mitt på Slussen, f d Kolingsborg. Det började med att huset målades vitt, vilket fick en del medborgare att reagera starkt. Det var dock ett planerat projekt med koppling till Slussens ombyggnation.</p>
</div>
<div class="content entry-content">
<p>Ledande representanter för den svenska graffitiscenen bjuds in att gestalta den cirkelformade konstytan. Arbetet har sin utgångspunkt i graffitimåleriets gemensamma bildspråk och alla inblandade målar i, under, bredvid och över varandra i ett stort collageliknande verk. När man ser verket så blev i alla fall jag djupt imponerad över vad denna &#8221;Graffitielit&#8221; kan göra med färgburkarna. Enligt uppgifter jag hittat så är det följande artister som gjort målningarna: Ångest (Kaos-Vandals in Motion), Ruskig (Kaos-Vandals in Motion), Carolina Falkholt, Gouge (Graffiti Cook Book), Ikaros (Overground), Nug (Overground), Erse, Rolf CW och Fits.</p>
<p>Initiativtagare: Kerstin Simonsson och Stockholm Konst.</p>
<p>(Källa: OMSTart Slussen/ Dokument Press)</p>
</div>
<p></p>

<p>Runda huset vid Slussen i Stockholm är ju idag ett minne blott. Det revs i samband med ombyggnationen av trafikplatsen och allt i samband med detta. Vi kan därför konstatera att dessa bilder är historiska och det känns extra roligt att ha tagit chansen att dokumentera dessa fantastiska målningar för framtiden! Här nedan följer en [&hellip;]</p>

<!-- This site is optimized with the Yoast SEO plugin v16.3 - https://yoast.com/wordpress/plugins/seo/ -->
<meta name="description" content="Graffiti,Målat,gatukonst,Stockholm,Sverige,laglig graffiti,canonfreak,OMSTart," />
<meta name="robots" content="index, follow, max-snippet:-1, max-image-preview:large, max-video-preview:-1" />
<link rel="canonical" href="https://www.canonfreak.se/sv/portfolio/nyhetsbilder/svenska-laglig-graffiti-i-centrala-stockholm/" />
<meta property="og:locale" content="sv_SE" />
<meta property="og:type" content="article" />
<meta property="og:title" content="[:en]Legal graffiti in the center of Stockholm.[:sv]Laglig graffiti i centrala Stockholm.[:] - Canonfreak.se" />
<meta property="og:description" content="Graffiti,Målat,gatukonst,Stockholm,Sverige,laglig graffiti,canonfreak,OMSTart," />
<meta property="og:url" content="https://www.canonfreak.se/sv/portfolio/nyhetsbilder/svenska-laglig-graffiti-i-centrala-stockholm/" />
<meta property="og:site_name" content="Canonfreak.se" />
<meta property="article:publisher" content="https://www.facebook.com/Canonfreak" />
<meta property="article:modified_time" content="2016-12-05T15:11:28+00:00" />
<meta name="twitter:label1" content="Beräknad lästid">
	<meta name="twitter:data1" content="3 minuter">
<script type="application/ld+json" class="yoast-schema-graph">{"@context":"https://schema.org","@graph":[{"@type":"WebSite","@id":"https://www.canonfreak.se/sv/#website","url":"https://www.canonfreak.se/sv/","name":"Canonfreak.se","description":"-Med bilden i centrum.","potentialAction":[{"@type":"SearchAction","target":"https://www.canonfreak.se/sv/?s={search_term_string}","query-input":"required name=search_term_string"}],"inLanguage":"sv-SE"},{"@type":"WebPage","@id":"https://www.canonfreak.se/sv/portfolio/nyhetsbilder/svenska-laglig-graffiti-i-centrala-stockholm/#webpage","url":"https://www.canonfreak.se/sv/portfolio/nyhetsbilder/svenska-laglig-graffiti-i-centrala-stockholm/","name":"[:en]Legal graffiti in the center of Stockholm.[:sv]Laglig graffiti i centrala Stockholm.[:] - Canonfreak.se","isPartOf":{"@id":"https://www.canonfreak.se/sv/#website"},"datePublished":"2015-08-11T20:05:01+00:00","dateModified":"2016-12-05T15:11:28+00:00","description":"Graffiti,M\u00e5lat,gatukonst,Stockholm,Sverige,laglig graffiti,canonfreak,OMSTart,","breadcrumb":{"@id":"https://www.canonfreak.se/sv/portfolio/nyhetsbilder/svenska-laglig-graffiti-i-centrala-stockholm/#breadcrumb"},"inLanguage":"sv-SE","potentialAction":[{"@type":"ReadAction","target":["https://www.canonfreak.se/sv/portfolio/nyhetsbilder/svenska-laglig-graffiti-i-centrala-stockholm/"]}]},{"@type":"BreadcrumbList","@id":"https://www.canonfreak.se/sv/portfolio/nyhetsbilder/svenska-laglig-graffiti-i-centrala-stockholm/#breadcrumb","itemListElement":[{"@type":"ListItem","position":1,"item":{"@type":"WebPage","@id":"https://www.canonfreak.se/sv/","url":"https://www.canonfreak.se/sv/","name":"Hem"}},{"@type":"ListItem","position":2,"item":{"@type":"WebPage","@id":"http://www.canonfreak.se/portfolio/","url":"http://www.canonfreak.se/portfolio/","name":"Galleries"}},{"@type":"ListItem","position":3,"item":{"@type":"WebPage","@id":"https://www.canonfreak.se/sv/portfolio/nyhetsbilder/","url":"https://www.canonfreak.se/sv/portfolio/nyhetsbilder/","name":"News pictures"}},{"@type":"ListItem","position":4,"item":{"@id":"https://www.canonfreak.se/sv/portfolio/nyhetsbilder/svenska-laglig-graffiti-i-centrala-stockholm/#webpage"}}]}]}</script>
<!-- / Yoast SEO plugin. -->
